{"id":1863,"date":"2020-07-14T08:03:35","date_gmt":"2020-07-14T08:03:35","guid":{"rendered":"http:\/\/www.ahmedavnikonuk.com\/?page_id=1863"},"modified":"2021-02-18T17:10:43","modified_gmt":"2021-02-18T17:10:43","slug":"sahsi-fotograflari-2","status":"publish","type":"page","link":"https:\/\/www.ahmedavnikonuk.com\/?page_id=1863","title":{"rendered":"\u015eahsi Foto\u011fraflar\u0131"},"content":{"rendered":"\n<div class=\"wp-block-envira-envira-gallery\"><div id=\"envira-gallery-wrap-1897\" class=\"envira-gallery-wrap envira-gallery-theme-base envira-lightbox-theme-base\" itemscope itemtype=\"https:\/\/schema.org\/ImageGallery\"><div data-row-height=\"\" data-gallery-theme=\"\" id=\"envira-gallery-1897\" class=\"envira-gallery-public  envira-gallery-2-columns envira-clear enviratope envira-gallery-css-animations\" data-envira-columns=\"2\"><div id=\"envira-gallery-item-1685\" class=\"envira-gallery-item enviratope-item envira-gallery-item-1 envira-lazy-load\" style=\"padding-left: 10px; padding-bottom: 20px; padding-right: 10px;\"  itemscope itemtype=\"https:\/\/schema.org\/ImageObject\"><div class=\"envira-gallery-item-inner\"><div class=\"envira-gallery-position-overlay  envira-gallery-top-left\"><\/div><div class=\"envira-gallery-position-overlay  envira-gallery-top-right\"><\/div><div class=\"envira-gallery-position-overlay  envira-gallery-bottom-left\"><\/div><div class=\"envira-gallery-position-overlay  envira-gallery-bottom-right\"><\/div><a href=\"https:\/\/www.ahmedavnikonuk.com\/wp-content\/uploads\/2020\/07\/3040a-scaled.jpg\" class=\"envira-gallery-link\" rel=\"enviragallery1897\" title=\"Ahmed Avn&icirc; Konuk ve Dostlar\u0131 (1930&amp;#039;lu Y\u0131llar)\" data-envira-caption=\"Ahmed Avn&icirc; Konuk ve Dostlar\u0131 (1930&amp;#039;lu Y\u0131llar)\" data-envira-retina=\"\" data-thumbnail=\"\" target=\"_blank\"  itemprop=\"contentUrl\"><div class=\"envira-lazy\" data-test-width=\"640\" data-test-height=\"480\" style=\"padding-bottom:75%;\"><img decoding=\"async\" id=\"envira-gallery-image-1685\" class=\"envira-gallery-image envira-gallery-image-1\" data-envira-index=\"1\" src=\"https:\/\/www.ahmedavnikonuk.com\/wp-content\/uploads\/2020\/07\/3040a-1024x781-640x480.jpg\" data-envira-src=\"https:\/\/www.ahmedavnikonuk.com\/wp-content\/uploads\/2020\/07\/3040a-1024x781-640x480.jpg\" data-envira-gallery-id=\"1897\" data-envira-item-id=\"1685\" data-envira-caption=\"Ahmed Avn&icirc; Konuk ve Dostlar\u0131 (1930&amp;#039;lu Y\u0131llar)\" alt=\"\" title=\"Ahmed Avn&amp;icirc; Konuk ve Dostlar\u0131 (1930&amp;amp;#039;lu Y\u0131llar)\"  itemprop=\"thumbnailUrl\" data-envira-srcset=\"https:\/\/www.ahmedavnikonuk.com\/wp-content\/uploads\/2020\/07\/3040a-1024x781-640x480.jpg 400w,https:\/\/www.ahmedavnikonuk.com\/wp-content\/uploads\/2020\/07\/3040a-1024x781-640x480.jpg 2x\" srcset=\"data:image\/gif;base64,R0lGODlhAQABAIAAAP\/\/\/\/\/\/\/yH5BAEKAAEALAAAAAABAAEAAAICTAEAOw==\" \/><\/div><\/a><\/div><\/div><div id=\"envira-gallery-item-1684\" class=\"envira-gallery-item enviratope-item envira-gallery-item-2 envira-lazy-load\" style=\"padding-left: 10px; padding-bottom: 20px; padding-right: 10px;\"  itemscope itemtype=\"https:\/\/schema.org\/ImageObject\"><div class=\"envira-gallery-item-inner\"><div class=\"envira-gallery-position-overlay  envira-gallery-top-left\"><\/div><div class=\"envira-gallery-position-overlay  envira-gallery-top-right\"><\/div><div class=\"envira-gallery-position-overlay  envira-gallery-bottom-left\"><\/div><div class=\"envira-gallery-position-overlay  envira-gallery-bottom-right\"><\/div><a href=\"https:\/\/www.ahmedavnikonuk.com\/wp-content\/uploads\/2020\/07\/3040--scaled.jpg\" class=\"envira-gallery-link\" rel=\"enviragallery1897\" title=\"Ahmed Avn&icirc; Konuk ve Dostlar\u0131 (1930&amp;#039;lu Y\u0131llar)\" data-envira-caption=\"Ahmed Avn&icirc; Konuk ve Dostlar\u0131 (1930&amp;#039;lu Y\u0131llar)\" data-envira-retina=\"\" data-thumbnail=\"\" target=\"_blank\"  itemprop=\"contentUrl\"><div class=\"envira-lazy\" data-test-width=\"640\" data-test-height=\"480\" style=\"padding-bottom:75%;\"><img decoding=\"async\" id=\"envira-gallery-image-1684\" class=\"envira-gallery-image envira-gallery-image-2\" data-envira-index=\"2\" src=\"https:\/\/www.ahmedavnikonuk.com\/wp-content\/uploads\/2020\/07\/3040--1024x781-640x480.jpg\" data-envira-src=\"https:\/\/www.ahmedavnikonuk.com\/wp-content\/uploads\/2020\/07\/3040--1024x781-640x480.jpg\" data-envira-gallery-id=\"1897\" data-envira-item-id=\"1684\" data-envira-caption=\"Ahmed Avn&icirc; Konuk ve Dostlar\u0131 (1930&amp;#039;lu Y\u0131llar)\" alt=\"\" title=\"Ahmed Avn&amp;icirc; Konuk ve Dostlar\u0131 (1930&amp;amp;#039;lu Y\u0131llar)\"  itemprop=\"thumbnailUrl\" data-envira-srcset=\"https:\/\/www.ahmedavnikonuk.com\/wp-content\/uploads\/2020\/07\/3040--1024x781-640x480.jpg 400w,https:\/\/www.ahmedavnikonuk.com\/wp-content\/uploads\/2020\/07\/3040--1024x781-640x480.jpg 2x\" srcset=\"data:image\/gif;base64,R0lGODlhAQABAIAAAP\/\/\/\/\/\/\/yH5BAEKAAEALAAAAAABAAEAAAICTAEAOw==\" \/><\/div><\/a><\/div><\/div><\/div><\/div><noscript><img decoding=\"async\" src=\"https:\/\/www.ahmedavnikonuk.com\/wp-content\/uploads\/2020\/07\/3040a-scaled.jpg\" alt=\"\" \/><img decoding=\"async\" src=\"https:\/\/www.ahmedavnikonuk.com\/wp-content\/uploads\/2020\/07\/3040--scaled.jpg\" alt=\"\" \/><\/noscript><\/div>\n\n\n\n<div class=\"wp-block-envira-envira-gallery\"><div id=\"envira-gallery-wrap-2116\" class=\"envira-gallery-wrap envira-gallery-theme-base envira-lightbox-theme-base\" itemscope itemtype=\"https:\/\/schema.org\/ImageGallery\"><div data-row-height=\"\" data-gallery-theme=\"\" id=\"envira-gallery-2116\" class=\"envira-gallery-public  envira-gallery-2-columns envira-clear enviratope envira-gallery-css-animations\" data-envira-columns=\"2\"><div id=\"envira-gallery-item-2117\" class=\"envira-gallery-item enviratope-item envira-gallery-item-1 envira-lazy-load\" style=\"padding-left: 10px; padding-bottom: 20px; padding-right: 10px;\"  itemscope itemtype=\"https:\/\/schema.org\/ImageObject\"><div class=\"envira-gallery-item-inner\"><div class=\"envira-gallery-position-overlay  envira-gallery-top-left\"><\/div><div class=\"envira-gallery-position-overlay  envira-gallery-top-right\"><\/div><div class=\"envira-gallery-position-overlay  envira-gallery-bottom-left\"><\/div><div class=\"envira-gallery-position-overlay  envira-gallery-bottom-right\"><\/div><a href=\"https:\/\/www.ahmedavnikonuk.com\/wp-content\/uploads\/2020\/12\/mevlevi-kisvesi-renkli-ahmed-avni-konuk-scaled.jpg\" class=\"envira-gallery-link\" rel=\"enviragallery2116\" title=\"mevlevi kisvesi renkli (ahmed avni konuk)\" data-envira-caption=\"mevlevi kisvesi renkli (ahmed avni konuk)\" data-envira-retina=\"\" data-thumbnail=\"\" target=\"_blank\"  itemprop=\"contentUrl\"><div class=\"envira-lazy\" data-test-width=\"640\" data-test-height=\"480\" style=\"padding-bottom:75%;\"><img decoding=\"async\" id=\"envira-gallery-image-2117\" class=\"envira-gallery-image envira-gallery-image-1\" data-envira-index=\"1\" src=\"https:\/\/www.ahmedavnikonuk.com\/wp-content\/uploads\/2020\/12\/mevlevi-kisvesi-renkli-ahmed-avni-konuk-856x1024-640x480.jpg\" data-envira-src=\"https:\/\/www.ahmedavnikonuk.com\/wp-content\/uploads\/2020\/12\/mevlevi-kisvesi-renkli-ahmed-avni-konuk-856x1024-640x480.jpg\" data-envira-gallery-id=\"2116\" data-envira-item-id=\"2117\" data-envira-caption=\"mevlevi kisvesi renkli (ahmed avni konuk)\" alt=\"\" title=\"mevlevi kisvesi renkli (ahmed avni konuk)\"  itemprop=\"thumbnailUrl\" data-envira-srcset=\"https:\/\/www.ahmedavnikonuk.com\/wp-content\/uploads\/2020\/12\/mevlevi-kisvesi-renkli-ahmed-avni-konuk-856x1024-640x480.jpg 400w,https:\/\/www.ahmedavnikonuk.com\/wp-content\/uploads\/2020\/12\/mevlevi-kisvesi-renkli-ahmed-avni-konuk-856x1024-640x480.jpg 2x\" srcset=\"data:image\/gif;base64,R0lGODlhAQABAIAAAP\/\/\/\/\/\/\/yH5BAEKAAEALAAAAAABAAEAAAICTAEAOw==\" \/><\/div><\/a><\/div><\/div><div id=\"envira-gallery-item-2118\" class=\"envira-gallery-item enviratope-item envira-gallery-item-2 envira-lazy-load\" style=\"padding-left: 10px; padding-bottom: 20px; padding-right: 10px;\"  itemscope itemtype=\"https:\/\/schema.org\/ImageObject\"><div class=\"envira-gallery-item-inner\"><div class=\"envira-gallery-position-overlay  envira-gallery-top-left\"><\/div><div class=\"envira-gallery-position-overlay  envira-gallery-top-right\"><\/div><div class=\"envira-gallery-position-overlay  envira-gallery-bottom-left\"><\/div><div class=\"envira-gallery-position-overlay  envira-gallery-bottom-right\"><\/div><a href=\"https:\/\/www.ahmedavnikonuk.com\/wp-content\/uploads\/2020\/12\/mevlevi-kisvesi-siyah-beyaz-ahmed-avni-konuk-scaled.jpg\" class=\"envira-gallery-link\" rel=\"enviragallery2116\" title=\"mevlevi kisvesi siyah beyaz (ahmed avni konuk)\" data-envira-caption=\"mevlevi kisvesi siyah beyaz (ahmed avni konuk)\" data-envira-retina=\"\" data-thumbnail=\"\" target=\"_blank\"  itemprop=\"contentUrl\"><div class=\"envira-lazy\" data-test-width=\"640\" data-test-height=\"480\" style=\"padding-bottom:75%;\"><img decoding=\"async\" id=\"envira-gallery-image-2118\" class=\"envira-gallery-image envira-gallery-image-2\" data-envira-index=\"2\" src=\"https:\/\/www.ahmedavnikonuk.com\/wp-content\/uploads\/2020\/12\/mevlevi-kisvesi-siyah-beyaz-ahmed-avni-konuk-857x1024-640x480.jpg\" data-envira-src=\"https:\/\/www.ahmedavnikonuk.com\/wp-content\/uploads\/2020\/12\/mevlevi-kisvesi-siyah-beyaz-ahmed-avni-konuk-857x1024-640x480.jpg\" data-envira-gallery-id=\"2116\" data-envira-item-id=\"2118\" data-envira-caption=\"mevlevi kisvesi siyah beyaz (ahmed avni konuk)\" alt=\"\" title=\"mevlevi kisvesi siyah beyaz (ahmed avni konuk)\"  itemprop=\"thumbnailUrl\" data-envira-srcset=\"https:\/\/www.ahmedavnikonuk.com\/wp-content\/uploads\/2020\/12\/mevlevi-kisvesi-siyah-beyaz-ahmed-avni-konuk-857x1024-640x480.jpg 400w,https:\/\/www.ahmedavnikonuk.com\/wp-content\/uploads\/2020\/12\/mevlevi-kisvesi-siyah-beyaz-ahmed-avni-konuk-857x1024-640x480.jpg 2x\" srcset=\"data:image\/gif;base64,R0lGODlhAQABAIAAAP\/\/\/\/\/\/\/yH5BAEKAAEALAAAAAABAAEAAAICTAEAOw==\" \/><\/div><\/a><\/div><\/div><\/div><\/div><noscript><img decoding=\"async\" src=\"https:\/\/www.ahmedavnikonuk.com\/wp-content\/uploads\/2020\/12\/mevlevi-kisvesi-renkli-ahmed-avni-konuk-scaled.jpg\" alt=\"\" \/><img decoding=\"async\" src=\"https:\/\/www.ahmedavnikonuk.com\/wp-content\/uploads\/2020\/12\/mevlevi-kisvesi-siyah-beyaz-ahmed-avni-konuk-scaled.jpg\" alt=\"\" \/><\/noscript><\/div>\n\n\n\n<div class=\"wp-block-envira-envira-gallery\"><div id=\"envira-gallery-wrap-2255\" class=\"envira-gallery-wrap envira-gallery-theme-base envira-lightbox-theme-base\" itemscope itemtype=\"https:\/\/schema.org\/ImageGallery\"><div data-row-height=\"\" data-gallery-theme=\"\" id=\"envira-gallery-2255\" class=\"envira-gallery-public  envira-gallery-2-columns envira-clear enviratope envira-gallery-css-animations\" data-envira-columns=\"2\"><div id=\"envira-gallery-item-2253\" class=\"envira-gallery-item enviratope-item envira-gallery-item-1 envira-lazy-load\" style=\"padding-left: 1px; padding-bottom: 1px; padding-right: 1px;\"  itemscope itemtype=\"https:\/\/schema.org\/ImageObject\"><div class=\"envira-gallery-item-inner\"><div class=\"envira-gallery-position-overlay  envira-gallery-top-left\"><\/div><div class=\"envira-gallery-position-overlay  envira-gallery-top-right\"><\/div><div class=\"envira-gallery-position-overlay  envira-gallery-bottom-left\"><\/div><div class=\"envira-gallery-position-overlay  envira-gallery-bottom-right\"><\/div><a href=\"https:\/\/www.ahmedavnikonuk.com\/wp-content\/uploads\/2021\/01\/Ahmed-Avni-Konuk-renkli.jpg\" class=\"envira-gallery-link\" rel=\"enviragallery2255\" title=\"Ahmed Avni Konuk renkli\" data-envira-caption=\"Ahmed Avni Konuk renkli\" data-envira-retina=\"\" data-thumbnail=\"\" target=\"_blank\"  itemprop=\"contentUrl\"><div class=\"envira-lazy\" data-test-width=\"640\" data-test-height=\"480\" style=\"padding-bottom:75%;\"><img decoding=\"async\" id=\"envira-gallery-image-2253\" class=\"envira-gallery-image envira-gallery-image-1\" data-envira-index=\"1\" src=\"https:\/\/www.ahmedavnikonuk.com\/wp-content\/uploads\/2021\/01\/Ahmed-Avni-Konuk-renkli-781x1024-640x480.jpg\" data-envira-src=\"https:\/\/www.ahmedavnikonuk.com\/wp-content\/uploads\/2021\/01\/Ahmed-Avni-Konuk-renkli-781x1024-640x480.jpg\" data-envira-gallery-id=\"2255\" data-envira-item-id=\"2253\" data-envira-caption=\"Ahmed Avni Konuk renkli\" alt=\"\" title=\"Ahmed Avni Konuk renkli\"  itemprop=\"thumbnailUrl\" data-envira-srcset=\"https:\/\/www.ahmedavnikonuk.com\/wp-content\/uploads\/2021\/01\/Ahmed-Avni-Konuk-renkli-781x1024-640x480.jpg 400w,https:\/\/www.ahmedavnikonuk.com\/wp-content\/uploads\/2021\/01\/Ahmed-Avni-Konuk-renkli-781x1024-640x480.jpg 2x\" srcset=\"data:image\/gif;base64,R0lGODlhAQABAIAAAP\/\/\/\/\/\/\/yH5BAEKAAEALAAAAAABAAEAAAICTAEAOw==\" \/><\/div><\/a><\/div><\/div><div id=\"envira-gallery-item-2254\" class=\"envira-gallery-item enviratope-item envira-gallery-item-2 envira-lazy-load\" style=\"padding-left: 1px; padding-bottom: 1px; padding-right: 1px;\"  itemscope itemtype=\"https:\/\/schema.org\/ImageObject\"><div class=\"envira-gallery-item-inner\"><div class=\"envira-gallery-position-overlay  envira-gallery-top-left\"><\/div><div class=\"envira-gallery-position-overlay  envira-gallery-top-right\"><\/div><div class=\"envira-gallery-position-overlay  envira-gallery-bottom-left\"><\/div><div class=\"envira-gallery-position-overlay  envira-gallery-bottom-right\"><\/div><a href=\"https:\/\/www.ahmedavnikonuk.com\/wp-content\/uploads\/2021\/01\/Ahmed-Avni-Konuk-siyah-beyaz.jpg\" class=\"envira-gallery-link\" rel=\"enviragallery2255\" title=\"Ahmed Avni Konuk siyah-beyaz\" data-envira-caption=\"Ahmed Avni Konuk siyah-beyaz\" data-envira-retina=\"\" data-thumbnail=\"\" target=\"_blank\"  itemprop=\"contentUrl\"><div class=\"envira-lazy\" data-test-width=\"640\" data-test-height=\"480\" style=\"padding-bottom:75%;\"><img decoding=\"async\" id=\"envira-gallery-image-2254\" class=\"envira-gallery-image envira-gallery-image-2\" data-envira-index=\"2\" src=\"https:\/\/www.ahmedavnikonuk.com\/wp-content\/uploads\/2021\/01\/Ahmed-Avni-Konuk-siyah-beyaz-781x1024-640x480.jpg\" data-envira-src=\"https:\/\/www.ahmedavnikonuk.com\/wp-content\/uploads\/2021\/01\/Ahmed-Avni-Konuk-siyah-beyaz-781x1024-640x480.jpg\" data-envira-gallery-id=\"2255\" data-envira-item-id=\"2254\" data-envira-caption=\"Ahmed Avni Konuk siyah-beyaz\" alt=\"\" title=\"Ahmed Avni Konuk siyah-beyaz\"  itemprop=\"thumbnailUrl\" data-envira-srcset=\"https:\/\/www.ahmedavnikonuk.com\/wp-content\/uploads\/2021\/01\/Ahmed-Avni-Konuk-siyah-beyaz-781x1024-640x480.jpg 400w,https:\/\/www.ahmedavnikonuk.com\/wp-content\/uploads\/2021\/01\/Ahmed-Avni-Konuk-siyah-beyaz-781x1024-640x480.jpg 2x\" srcset=\"data:image\/gif;base64,R0lGODlhAQABAIAAAP\/\/\/\/\/\/\/yH5BAEKAAEALAAAAAABAAEAAAICTAEAOw==\" \/><\/div><\/a><\/div><\/div><\/div><\/div><noscript><img decoding=\"async\" src=\"https:\/\/www.ahmedavnikonuk.com\/wp-content\/uploads\/2021\/01\/Ahmed-Avni-Konuk-renkli.jpg\" alt=\"\" \/><img decoding=\"async\" src=\"https:\/\/www.ahmedavnikonuk.com\/wp-content\/uploads\/2021\/01\/Ahmed-Avni-Konuk-siyah-beyaz.jpg\" alt=\"\" \/><\/noscript><\/div>\n\n\n\n<div class=\"wp-block-envira-envira-gallery\"><div id=\"envira-gallery-wrap-2474\" class=\"envira-gallery-wrap envira-gallery-theme-base envira-lightbox-theme-base\" itemscope itemtype=\"https:\/\/schema.org\/ImageGallery\"><div data-row-height=\"\" data-gallery-theme=\"\" id=\"envira-gallery-2474\" class=\"envira-gallery-public  envira-gallery-1-columns envira-clear enviratope envira-gallery-css-animations\" data-envira-columns=\"1\"><div id=\"envira-gallery-item-2540\" class=\"envira-gallery-item enviratope-item envira-gallery-item-1 envira-lazy-load\" style=\"padding-left: 3px; padding-bottom: 5px; padding-right: 3px;\"  itemscope itemtype=\"https:\/\/schema.org\/ImageObject\"><div class=\"envira-gallery-item-inner\"><div class=\"envira-gallery-position-overlay  envira-gallery-top-left\"><\/div><div class=\"envira-gallery-position-overlay  envira-gallery-top-right\"><\/div><div class=\"envira-gallery-position-overlay  envira-gallery-bottom-left\"><\/div><div class=\"envira-gallery-position-overlay  envira-gallery-bottom-right\"><\/div><a href=\"https:\/\/www.ahmedavnikonuk.com\/wp-content\/uploads\/2021\/02\/A.A.Konuk-1948-Turk-Musiki-Dergisi.jpg\" class=\"envira-gallery-2474 envira-gallery-link\" rel=\"enviragallery2474\" title=\"A.A.Konuk 1948 (T&uuml;rk Musiki Dergisi)\" data-envira-caption=\"A.A.Konuk 1948 (T&uuml;rk Musiki Dergisi)\" data-envira-retina=\"\" data-thumbnail=\"\"  itemprop=\"contentUrl\"><div class=\"envira-lazy\" data-test-width=\"640\" data-test-height=\"480\" style=\"padding-bottom:75%;\"><img decoding=\"async\" id=\"envira-gallery-image-2540\" class=\"envira-gallery-image envira-gallery-image-1\" data-envira-index=\"1\" src=\"https:\/\/www.ahmedavnikonuk.com\/wp-content\/uploads\/2021\/02\/A.A.Konuk-1948-Turk-Musiki-Dergisi-640x480.jpg\" data-envira-src=\"https:\/\/www.ahmedavnikonuk.com\/wp-content\/uploads\/2021\/02\/A.A.Konuk-1948-Turk-Musiki-Dergisi-640x480.jpg\" data-envira-gallery-id=\"2474\" data-envira-item-id=\"2540\" data-envira-caption=\"A.A.Konuk 1948 (T&uuml;rk Musiki Dergisi)\" alt=\"\" title=\"A.A.Konuk 1948 (T&amp;uuml;rk Musiki Dergisi)\"  itemprop=\"thumbnailUrl\" data-envira-srcset=\"https:\/\/www.ahmedavnikonuk.com\/wp-content\/uploads\/2021\/02\/A.A.Konuk-1948-Turk-Musiki-Dergisi-640x480.jpg 400w,https:\/\/www.ahmedavnikonuk.com\/wp-content\/uploads\/2021\/02\/A.A.Konuk-1948-Turk-Musiki-Dergisi-640x480.jpg 2x\" srcset=\"data:image\/gif;base64,R0lGODlhAQABAIAAAP\/\/\/\/\/\/\/yH5BAEKAAEALAAAAAABAAEAAAICTAEAOw==\" \/><\/div><\/a><\/div><\/div><\/div><\/div><noscript><img decoding=\"async\" src=\"https:\/\/www.ahmedavnikonuk.com\/wp-content\/uploads\/2021\/02\/A.A.Konuk-1948-Turk-Musiki-Dergisi.jpg\" alt=\"\" \/><\/noscript><\/div>\n","protected":false},"excerpt":{"rendered":"","protected":false},"author":1,"featured_media":0,"parent":0,"menu_order":0,"comment_status":"closed","ping_status":"closed","template":"page-templates\/template_fullwidth_slider.php","meta":{"footnotes":""},"class_list":["post-1863","page","type-page","status-publish","hentry"],"jetpack_sharing_enabled":true,"_links":{"self":[{"href":"https:\/\/www.ahmedavnikonuk.com\/index.php?rest_route=\/wp\/v2\/pages\/1863","targetHints":{"allow":["GET"]}}],"collection":[{"href":"https:\/\/www.ahmedavnikonuk.com\/index.php?rest_route=\/wp\/v2\/pages"}],"about":[{"href":"https:\/\/www.ahmedavnikonuk.com\/index.php?rest_route=\/wp\/v2\/types\/page"}],"author":[{"embeddable":true,"href":"https:\/\/www.ahmedavnikonuk.com\/index.php?rest_route=\/wp\/v2\/users\/1"}],"replies":[{"embeddable":true,"href":"https:\/\/www.ahmedavnikonuk.com\/index.php?rest_route=%2Fwp%2Fv2%2Fcomments&post=1863"}],"version-history":[{"count":16,"href":"https:\/\/www.ahmedavnikonuk.com\/index.php?rest_route=\/wp\/v2\/pages\/1863\/revisions"}],"predecessor-version":[{"id":2478,"href":"https:\/\/www.ahmedavnikonuk.com\/index.php?rest_route=\/wp\/v2\/pages\/1863\/revisions\/2478"}],"wp:attachment":[{"href":"https:\/\/www.ahmedavnikonuk.com\/index.php?rest_route=%2Fwp%2Fv2%2Fmedia&parent=1863"}],"curies":[{"name":"wp","href":"https:\/\/api.w.org\/{rel}","templated":true}]}}