{"id":1125,"date":"2020-06-28T19:01:37","date_gmt":"2020-06-28T19:01:37","guid":{"rendered":"http:\/\/www.ahmedavnikonuk.com\/?page_id=1125"},"modified":"2020-07-10T12:18:55","modified_gmt":"2020-07-10T12:18:55","slug":"mesnevi-i-serif","status":"publish","type":"page","link":"https:\/\/www.ahmedavnikonuk.com\/?page_id=1125","title":{"rendered":"Mesnev\u00ee-i \u015eer\u00eef"},"content":{"rendered":"\n<h4 class=\"wp-block-heading\">Genel Bilgiler<\/h4>\n\n\n\n<p><\/p>\n\n\n\n<p><strong>Eser ad\u0131 :\u00a0<\/strong>\u015eerh-i Mesnev\u00ee-i \u015eer\u00eef<\/p>\n\n\n\n<p><strong>Yazar&nbsp;:<\/strong>&nbsp;Ahmed Avn\u00ee Konuk<\/p>\n\n\n\n<p><strong>Bulundu\u011fu K\u00fct\u00fcphane :&nbsp;<\/strong>Mevlana M\u00fczesi-Konya-<\/p>\n\n\n\n<p><strong>Dil :&nbsp;<\/strong>Osmanl\u0131 T\u00fcrk\u00e7esi<\/p>\n\n\n\n<p><strong>Yaz\u0131 T\u00fcr\u00fc :&nbsp;<\/strong>Rika<\/p>\n\n\n\n<p><strong>Yer Numaras\u0131 :<\/strong>\u00a0 4740 (34 defter halinde)<\/p>\n\n\n\n<p><strong>Kitap Hakk\u0131nda :<\/strong>\u00a0Avn\u00ee Bey, Mevl\u00e2n\u00e2 Cel\u00e2ledd\u00een R\u00fbm\u00ee&#8217;ye ait Mesnev\u00ee-\u015eer\u00eef \u015ferhine 1929 y\u0131l\u0131nda ba\u015flam\u0131\u015f ve 1937 y\u0131l\u0131nda tamamlam\u0131\u015ft\u0131r. 34. defterde hitam bulan \u015ferhin tek n\u00fcshas\u0131 Konya Mevl\u00e2n\u00e2 M\u00fczesindedir. 6 cilt olan Mesnev\u00ee&#8217;nin tamamlanm\u0131\u015f bir \u015ferhi olmas\u0131 bak\u0131m\u0131ndan da \u00f6nemi b\u00fcy\u00fck olan eser T\u00fcrk\u00e7e olarak yap\u0131lm\u0131\u015f en kapsaml\u0131 \u015ferh niteli\u011findedir. Avni Bey&#8217;in son eseri olmas\u0131 da muhtemeldir \u00e7\u00fcnk\u00fc eseri bitirdikten sonra 1. cildin g\u00f6zden ge\u00e7irmesini yapt\u0131\u011f\u0131 s\u0131ralarda hastalanm\u0131\u015f, d\u00e2r-\u0131 bek\u00e2ya r\u0131hlet buyurdu\u011fundan g\u00f6zden ge\u00e7irmeyi tamamlayamam\u0131\u015ft\u0131r. Eser, <strong>Mustafa Tahral\u0131 <\/strong>ve merhum<strong> Sel\u00e7uk Erayd\u0131n<\/strong> \u00f6nderli\u011finde kalabal\u0131k bir ekip taraf\u0131ndan yay\u0131na haz\u0131rlanm\u0131\u015f olup 13 cilt halinde yay\u0131nlanm\u0131\u015ft\u0131r. <\/p>\n","protected":false},"excerpt":{"rendered":"<p>Genel Bilgiler Eser ad\u0131 :\u00a0\u015eerh-i Mesnev\u00ee-i \u015eer\u00eef Yazar&nbsp;:&nbsp;Ahmed Avn\u00ee Konuk Bulundu\u011fu K\u00fct\u00fcphane :&nbsp;Mevlana M\u00fczesi-Konya- Dil :&nbsp;Osmanl\u0131 T\u00fcrk\u00e7esi Yaz\u0131 T\u00fcr\u00fc :&nbsp;Rika [&hellip;]<\/p>\n","protected":false},"author":1,"featured_media":0,"parent":0,"menu_order":0,"comment_status":"open","ping_status":"closed","template":"page-templates\/template_fullwidth_slider.php","meta":{"footnotes":""},"class_list":["post-1125","page","type-page","status-publish","hentry"],"jetpack_sharing_enabled":true,"_links":{"self":[{"href":"https:\/\/www.ahmedavnikonuk.com\/index.php?rest_route=\/wp\/v2\/pages\/1125","targetHints":{"allow":["GET"]}}],"collection":[{"href":"https:\/\/www.ahmedavnikonuk.com\/index.php?rest_route=\/wp\/v2\/pages"}],"about":[{"href":"https:\/\/www.ahmedavnikonuk.com\/index.php?rest_route=\/wp\/v2\/types\/page"}],"author":[{"embeddable":true,"href":"https:\/\/www.ahmedavnikonuk.com\/index.php?rest_route=\/wp\/v2\/users\/1"}],"replies":[{"embeddable":true,"href":"https:\/\/www.ahmedavnikonuk.com\/index.php?rest_route=%2Fwp%2Fv2%2Fcomments&post=1125"}],"version-history":[{"count":7,"href":"https:\/\/www.ahmedavnikonuk.com\/index.php?rest_route=\/wp\/v2\/pages\/1125\/revisions"}],"predecessor-version":[{"id":1681,"href":"https:\/\/www.ahmedavnikonuk.com\/index.php?rest_route=\/wp\/v2\/pages\/1125\/revisions\/1681"}],"wp:attachment":[{"href":"https:\/\/www.ahmedavnikonuk.com\/index.php?rest_route=%2Fwp%2Fv2%2Fmedia&parent=1125"}],"curies":[{"name":"wp","href":"https:\/\/api.w.org\/{rel}","templated":true}]}}