{"id":1023,"date":"2020-06-27T08:39:09","date_gmt":"2020-06-27T08:39:09","guid":{"rendered":"http:\/\/www.ahmedavnikonuk.com\/?page_id=1023"},"modified":"2022-10-23T05:43:54","modified_gmt":"2022-10-23T05:43:54","slug":"eserleri","status":"publish","type":"page","link":"https:\/\/www.ahmedavnikonuk.com\/?page_id=1023","title":{"rendered":"Eserleri"},"content":{"rendered":"\n<div class=\"wp-block-group\"><div class=\"wp-block-group__inner-container is-layout-flow wp-block-group-is-layout-flow\"><\/div><\/div>\n\n\n\n<div class=\"wp-block-columns is-layout-flex wp-container-core-columns-is-layout-9d6595d7 wp-block-columns-is-layout-flex\">\n<div class=\"wp-block-column is-layout-flow wp-block-column-is-layout-flow\"><\/div>\n\n\n\n<div class=\"wp-block-column is-vertically-aligned-center is-layout-flow wp-block-column-is-layout-flow\"><\/div>\n<\/div>\n\n\n\n<p class=\"has-normal-font-size\">Ahmed Avn\u00ee Konuk&#8217;un eserleri tespit edilebildi\u011fi kadar\u0131yla yirminin \u00fczerindedir. Kimi eserlerinin cirmi birka\u00e7 yapra\u011f\u0131 ge\u00e7mezken Mesnev\u00ee-i \u015eer\u00eef gibi binlerce sayfay\u0131 bulan eserleri de mevcuttur. Genel bir s\u0131n\u0131fland\u0131rmaya gidilecek olunursa eserlerini iki farkl\u0131 alanda, tasavvuf ve m\u00fczik alan\u0131nda vermi\u015ftir. Velud bir yazar olan Ahmed Avn\u00ee Bey ayn\u0131 zamanda yetenekli bir m\u00fczisyendir. Tahmin olunur ki hen\u00fcz a\u00e7\u0131\u011fa \u00e7\u0131kmam\u0131\u015f eserleri de mevcuttur. Bu eserlere ula\u015f\u0131ld\u0131k\u00e7a k\u00fcnye bilgileri ve hangi k\u00fct\u00fcphanede muhafaza alt\u0131nda tutuldu\u011fu buraya derc edilecektir. <\/p>\n\n\n\n<p class=\"has-normal-font-size\">Eserleri be\u015f ana ba\u015fl\u0131\u011fa <strong>(\u015eerh, Terc\u00fcme, Risale, M\u00fczik ve Di\u011fer)<\/strong> ayr\u0131lm\u0131\u015ft\u0131r.<\/p>\n\n\n\n<p class=\"has-medium-font-size\"><strong>\u015eerhler:<\/strong><\/p>\n\n\n\n<ol class=\"wp-block-list\"><li>Mesnev\u00ee-i \u015eer\u00eef, <\/li><li>Fus\u00fbs&#8217;ul Hikem, <\/li><li>Tedb\u00eer\u00e2t-\u0131 \u0130lahiyye, <\/li><li>G\u00fcl\u015fen-i Raz,<\/li><li>\u015eerh-i Gazel,<\/li><li>\u015eerh-i Eby\u00e2t.<\/li><\/ol>\n\n\n\n<p class=\"has-medium-font-size\"><strong>Terc\u00fcmeler<\/strong>: <\/p>\n\n\n\n<ol class=\"wp-block-list\"><li>Terceme-i F\u00eehi M\u00e2-F\u00eeh, <\/li><li>Terceme-i Leme&#8217;\u00e2t, <\/li><li>Terceme-i Hul\u00e2sat\u00fc&#8217;t-Tesanif, <\/li><li>Terceme-i Mir\u00e2t\u00fc&#8217;l-\u0130rf\u00e2n ve L\u00fcbbeh, <\/li><li>Muh\u00e2darat el-Ebr\u00e2r&#8217;dan Bir Vak&#8217;an\u0131n Terc\u00fcmesi<\/li><li>Men\u00e2k\u0131b-\u0131 Hazret-i Mevl\u00e2n\u00e2 Cel\u00e2leddin Rum\u00ee.<\/li><\/ol>\n\n\n\n<div class=\"wp-block-group\"><div class=\"wp-block-group__inner-container is-layout-flow wp-block-group-is-layout-flow\">\n<p class=\"has-medium-font-size\"><strong>Risaleler:<\/strong><\/p>\n\n\n\n<ol class=\"wp-block-list\"><li>Res\u00e2il-i Aziz\u00fczidd\u00een en-Nesef\u00ee,<\/li><li>\u0130m\u00e2m Rabb\u00e2n\u00ee ve Mekt\u00fbb\u00e2t\u0131,<\/li><li>Hz. \u00ces\u00e2 ve Meryem Ris\u00e2lesi,<\/li><li>Ahadiyet Ris\u00e2lesi,<\/li><li>Ris\u00e2le-i Vahdet-i V\u00fcc\u00fbd,<\/li><li>Esr\u00e2r-\u0131 Sal\u00e2t Ris\u00e2lesi.<\/li><\/ol>\n\n\n\n<p class=\"has-medium-font-size\"><strong>M\u00fczik:<\/strong><\/p>\n\n\n\n<ol class=\"wp-block-list\"><li>Fihrist-i Makamat,<\/li><li>Hanende (\u015eark\u0131 Mecmuas\u0131).<\/li><\/ol>\n\n\n\n<p class=\"has-medium-font-size\"><strong>Di\u011fer:<\/strong><\/p>\n\n\n\n<ol class=\"wp-block-list\"><li>Amerika&#8217;dan Sorulan 17 Sualin Cevaplar\u0131,<\/li><li>Tevf\u00eek Fikret&#8217;e Cev\u00e2b,<\/li><li>Ahmed \u00c2mi\u015f Efend\u00ee ile Sohbetler,<\/li><li>Vahdet-i V\u00fcc\u00fbd ve Vahdet-i \u015euh\u00fbd M\u00fcnaka\u015falar\u0131.<\/li><\/ol>\n\n\n\n<p class=\"has-normal-font-size\"> Her eser i\u00e7in bir a\u00e7\u0131klama sayfas\u0131 olu\u015fturulmu\u015ftur.<\/p>\n<\/div><\/div>\n\n\n\n<p class=\"has-text-align-center has-background has-normal-font-size\" style=\"background-color:#e5f1f7\">Eserlerle ilgili ayr\u0131nt\u0131l\u0131 bilgi i\u00e7in &#8220;Eserleri&#8221; ba\u015fl\u0131\u011f\u0131ndaki ilgili esere t\u0131klay\u0131n\u0131z.<\/p>\n\n\n\n<p class=\"has-background\" style=\"background-color:#b7d1e5\">Eserlerin orjinal metinlerine ula\u015fmak i\u00e7in linki&nbsp;<a href=\"https:\/\/katalog.ibb.gov.tr\/yordambt\/yordam.php?aTumu=\" target=\"_blank\" rel=\"noreferrer noopener\">(<strong>\u0130.B.B. Atat\u00fcrk Kitapl\u0131\u011f\u0131 Say\u0131sal Ar\u015fiv ve e-Kaynaklar)&nbsp;<\/strong><\/a>t\u0131klay\u0131n\u0131z. A\u00e7\u0131lan pencere Atat\u00fcrk Kitapl\u0131\u011f\u0131n\u0131n katalog sayfas\u0131d\u0131r. \u00d6ncelikli olarak &#8220;\u00fcye ol&#8221; k\u0131sm\u0131ndan k\u00fct\u00fcphaneye \u00fcye olunmas\u0131 gerekmektedir. \u00dcyelik i\u015fleminden sonra pdf kitaplar indirilebilir.<\/p>\n","protected":false},"excerpt":{"rendered":"<p>Ahmed Avn\u00ee Konuk&#8217;un eserleri tespit edilebildi\u011fi kadar\u0131yla yirminin \u00fczerindedir. Kimi eserlerinin cirmi birka\u00e7 yapra\u011f\u0131 ge\u00e7mezken Mesnev\u00ee-i \u015eer\u00eef gibi binlerce sayfay\u0131 [&hellip;]<\/p>\n","protected":false},"author":1,"featured_media":0,"parent":0,"menu_order":0,"comment_status":"open","ping_status":"closed","template":"page-templates\/template_fullwidth_slider.php","meta":{"footnotes":""},"class_list":["post-1023","page","type-page","status-publish","hentry"],"jetpack_sharing_enabled":true,"_links":{"self":[{"href":"https:\/\/www.ahmedavnikonuk.com\/index.php?rest_route=\/wp\/v2\/pages\/1023","targetHints":{"allow":["GET"]}}],"collection":[{"href":"https:\/\/www.ahmedavnikonuk.com\/index.php?rest_route=\/wp\/v2\/pages"}],"about":[{"href":"https:\/\/www.ahmedavnikonuk.com\/index.php?rest_route=\/wp\/v2\/types\/page"}],"author":[{"embeddable":true,"href":"https:\/\/www.ahmedavnikonuk.com\/index.php?rest_route=\/wp\/v2\/users\/1"}],"replies":[{"embeddable":true,"href":"https:\/\/www.ahmedavnikonuk.com\/index.php?rest_route=%2Fwp%2Fv2%2Fcomments&post=1023"}],"version-history":[{"count":23,"href":"https:\/\/www.ahmedavnikonuk.com\/index.php?rest_route=\/wp\/v2\/pages\/1023\/revisions"}],"predecessor-version":[{"id":3210,"href":"https:\/\/www.ahmedavnikonuk.com\/index.php?rest_route=\/wp\/v2\/pages\/1023\/revisions\/3210"}],"wp:attachment":[{"href":"https:\/\/www.ahmedavnikonuk.com\/index.php?rest_route=%2Fwp%2Fv2%2Fmedia&parent=1023"}],"curies":[{"name":"wp","href":"https:\/\/api.w.org\/{rel}","templated":true}]}}